undred thousands digit of 1349673?
3
What is the units digit of 5925673?
3
What is the thousands digit of 3169611?
9
What is the units digit of 9926692?
2
What is the ten thousands digit of 82616?
8
What is the units digit of 1460664?
4
What is the units digit of 6197988?
8
What is the units digit of 182989?
9
What is the hundred thousands digit of 2417475?
4
What is the millions digit of 3187986?
3
What is the units digit of 7003677?
7
What is the hundreds digit of 555776?
7
What is the units digit of 482030?
0
What is the tens digit of 3267215?
1
What is the units digit of 391086?
6
What is the ten thousands digit of 912742?
1
What is the ten thousands digit of 590569?
9
What is the ten thousands digit of 148850?
4
What is the ten thousands digit of 933472?
3
What is the thousands digit of 1364988?
4
What is the millions digit of 1598838?
1
What is the tens digit of 5248413?
1
What is the millions digit of 1046391?
1
What is the hundred thousands digit of 3045723?
0
What is the hundred thousands digit of 269309?
2
What is the ten thousands digit of 348979?
4
What is the units digit of 5244706?
6
What is the hundred thousands digit of 11534460?
5
What is the hundreds digit of 2226975?
9
What is the hundred thousands digit of 6934586?
9
What is the thousands digit of 1996261?
6
What is the units digit of 893268?
8
What is the ten thousands digit of 104308?
0
What is the units digit of 481802?
2
What is the units digit of 585937?
7
What is the ten thousands digit of 29735?
2
What is the hundred thousands digit of 1147766?
1
What is the thousands digit of 511993?
1
What is the tens digit of 399254?
5
What is the millions digit of 2214942?
2
What is the thousands digit of 14580621?
0
What is the tens digit of 2049813?
1
What is the tens digit of 9530796?
9
What is the thousands digit of 330362?
0
What is the hundred thousands digit of 7689873?
6
What is the hundred thousands digit of 227614?
2
What is the ten thousands digit of 293512?
9
What is the units digit of 2428217?
7
What is the units digit of 223097?
7
What is the millions digit of 19978393?
9
What is the thousands digit of 20341782?
1
What is the hundreds digit of 110667?
6
What is the hundreds digit of 7770837?
8
What is the ten millions digit of 28090574?
2
What is the tens digit of 375991?
9
What is the ten millions digit of 22852889?
2
What is the thousands digit of 7247032?
7
What is the ten thousands digit of 72353?
7
What is the tens digit of 585536?
3
What is the thousands digit of 824366?
4
What is the millions digit of 1231538?
1
What is the thousands digit of 39006?
9
What is the hundreds digit of 4953772?
7
What is the ten thousands digit of 3446521?
4
What is the thousands digit of 802346?
2
What is the ten thousands digit of 4078162?
7
What is the ten millions digit of 11982360?
1
What is the thousands digit of 7165060?
5
What is the ten thousands digit of 695330?
9
What is the ten thousands digit of 1291179?
9
What is the hundreds digit of 3070396?
3
What is the hundred thousands digit of 8266714?
2
What is the thousands digit of 6356365?
6
What is the thousands digit of 2947765?
7
What is the ten thousands digit of 1492070?
9
What is the tens digit of 7271593?
9
What is the hundred thousands digit of 247724?
2
What is the ten thousands digit of 1055587?
5
What is the hundred thousands digit of 608256?
6
What is the hundred thousands digit of 1333574?
3
What is the thousands digit of 452135?
2
What is the thousands digit of 82630?
2
What is the hundred thousands digit of 17269175?
2
What is the hundred thousands digit of 263024?
2
What is the tens digit of 648118?
1
What is the thousands digit of 4440805?
0
What is the thousands digit of 150969?
0
What is the hundred thousands digit of 2511138?
5
What is the tens digit of 36776?
7
What is the units digit of 414785?
5
What is the tens digit of 1531014?
1
What is the ten thousands digit of 967005?
6
What is the thousands digit of 530131?
0
What is the tens digit of 487907?
0
What is the thousands digit of 180553?
0
What is the hundred thousands digit of 581694?
5
What is the ten thousands digit of 7742719?
4
What is the hundreds digit of 851740?
7
What is the hundreds digit of 2469870?
8
What is the hundreds digit of 521846?
8
What is the hundreds digit of 6041046?
0
What is the tens digit of 138008?
0
What is the units digit of 88166?
6
What is the hundred thousands digit of 325771?
3
What is the thousands digit of 377311?
7
What is the units digit of 708450?
0
What is the tens digit of 35527277?
7
What is the thousands digit of 386770?
6
What is the thousands digit of 22142753?
2
What is the units digit of 936647?
7
What is the ten thousands digit of 4223980?
2
What is the thousands digit of 141031?
1
What is the ten thousands digit of 17765621?
6
What is the thousands digit of 8535244?
5
What is the hundreds digit of 347706?
7
What is the thousands digit of 503825?
3
What is the tens digit of 748916?
1
What is the thousands digit of 16923056?
3
What is the ten thousands digit of 29008590?
0
What is the tens digit of 1857455?
5
What is the thousands digit of 2165219?
5
What is the thousands digit of 406993?
6
What is the ten thousands digit of 8548872?
4
What is the units digit of 722677?
7
What is the thousands digit of 18023634?
3
What is the units digit of 2433924?
4
What is the millions digit of 2984806?
2
What is the thousands digit of 764154?
4
What is the millions digit of 1455273?
1
What is the hundred thousands digit of 434791?
4
What is the units digit of 221350?
0
What is the hundred thousands digit of 839518?
8
What is the hundred thousands digit of 133012?
1
What is the millions digit of 1433024?
1
What is the thousands digit of 427107?
7
What is the thousands digit of 2523287?
3
What is the units digit of 7519244?
4
What is the hundreds digit of 3721288?
2
What is the units digit of 25372558?
8
What is the hundred thousands digit of 213422?
2
What is the units digit of 8567314?
4
What is the hundreds digit of 170449?
4
What is the units digit of 4173342?
2
What is the ten thousands digit of 30840445?
4
What is the units digit of 3344928?
8
What is the hundred thousands digit of 756350?
7
What is the ten thousands digit of 43863707?
6
What is the ten thousands digit of 22389286?
8
What is the hundred thousands digit of 610828?
6
What is the hundred thousands digit of 2839360?
8
What is the millions digit of 1663734?
1
What is the hundreds digit of 3011373?
3
What is the ten thousands digit of 14080316?
8
What is the thousands digit of 14874006?
4
What is the thousands digit of 2273599?
3
What is the tens digit of 970867?
6
What is the hundreds digit of 24348385?
3
What is the tens digit of 22542174?
7
What is the tens digit of 401074?
7
What is the ten thousands digit of 2555412?
5
What is the hundred thousands digit of 416446?
4
What is the thousands digit of 12551556?
1
What is the ten thousands digit of 851502?
5
What is the thousands digit of 15673711?
3
What is the units digit of 166663?
3
What is the tens digit of 6947079?
7
What is the thousands digit of 57649?
7
What is the ten thousands digit of 264016?
6
What is the thousands digit of 3354350?
4
What is the tens digit of 583201?
0
What is the ten thousands digit of 2436020?
3
What is the tens digit of 21316?
1
What is the tens digit of 358766?
6
What is the thousands digit of 478708?
8
What is the hundred thousands digit of 146581?
1
What is the millions digit of 3194859?
3
What is the millions digit of 9002308?
9
What is the ten thousands digit of 4199310?
9
What is the units digit of 73377?
7
What is the thousands digit of 5413926?
3
What is the ten thousands digit of 795293?
9
What is the units digit of 861459?
9
What is the units digit of 729449?
9
What is the tens digit of 463593?
9
What is the thousands digit of 138213?
8
What is the units digit of 608103?
3
What is the millions digit of 1071995?
1
What is the hundred thousands digit of 1188567?
1
What is the tens digit of 566598?
9
What is the tens digit of 39715?
1
What is the ten thousands digit of 247664?
4
What is the millions digit of 4551510?
4
What is the thousands digit of 6979866?
9
What is the hundred thousands digit of 2401592?
4
What is the tens digit of 2520217?
1
What is th